{"id":21427,"date":"2020-12-19T17:58:05","date_gmt":"2020-12-19T16:58:05","guid":{"rendered":"http:\/\/www.rockin-wildcat.com\/rwc\/?page_id=21427"},"modified":"2020-12-19T17:58:05","modified_gmt":"2020-12-19T16:58:05","slug":"rewinders","status":"publish","type":"page","link":"https:\/\/www.rockin-wildcat.com\/rwc\/photopage2008\/rewinders","title":{"rendered":"Rewinders"},"content":{"rendered":"<h3>Rewinders<\/h3>\n<p>02.02.2008, Roadrunner&#8217;s Rock &amp; Motor Club, Berlin<\/p>\n\t\t\t<style>\n                #foogallery-gallery-21408.fg-justified .fg-item {\n                    margin-right: 2px;\n                    margin-bottom: 2px;\n                }\n\n                #foogallery-gallery-21408.fg-justified .fg-image {\n                    height: 200px;\n                }\n\t\t\t<\/style>\n\t\t\t<div class=\"foogallery foogallery-container foogallery-justified foogallery-lightbox-none fg-justified fg-light fg-round-medium fg-shadow-outline fg-loading-default fg-loaded-fade-in fg-hover-zoomed fg-caption-hover fg-hover-fade fg-hover-eye fg-transparent-overlays fg-ready\" id=\"foogallery-gallery-21408\" data-foogallery=\"{&quot;item&quot;:{&quot;showCaptionTitle&quot;:true,&quot;showCaptionDescription&quot;:true},&quot;lazy&quot;:true,&quot;paging&quot;:{&quot;type&quot;:&quot;dots&quot;,&quot;theme&quot;:&quot;fg-light&quot;,&quot;size&quot;:50,&quot;position&quot;:&quot;both&quot;,&quot;scrollToTop&quot;:true,&quot;output&quot;:&quot;html&quot;},&quot;template&quot;:{&quot;rowHeight&quot;:200,&quot;maxRowHeight&quot;:300,&quot;margins&quot;:2,&quot;align&quot;:&quot;center&quot;,&quot;lastRow&quot;:&quot;smart&quot;}}\" >\n\t<div class=\"fg-item fg-type-image fg-idle\"><figure class=\"fg-item-inner\"><a href=\"https:\/\/www.rockin-wildcat.com\/rwc\/wp-content\/uploads\/2020\/12\/01-17.jpg\" data-caption-title=\"Martin &amp;amp; Jenny\" data-attachment-id=\"21409\" data-type=\"image\" class=\"fg-thumb\"><span class=\"fg-image-wrap\"><img title=\"Martin &amp; Jenny\" height=\"300\" width=\"400\" class=\"skip-lazy fg-image\" data-src-fg=\"https:\/\/www.rockin-wildcat.com\/rwc\/wp-content\/uploads\/cache\/2020\/12\/01-17\/2900920807.jpg\" src=\"data:image\/svg+xml,%3Csvg%20xmlns%3D%22http%3A%2F%2Fwww.w3.org%2F2000%2Fsvg%22%20width%3D%22400%22%20height%3D%22300%22%20viewBox%3D%220%200%20400%20300%22%3E%3C%2Fsvg%3E\" loading=\"eager\"><\/span><span class=\"fg-image-overlay\"><\/span><\/a><figcaption class=\"fg-caption\"><div class=\"fg-caption-inner\"><div class=\"fg-caption-title\">Martin &amp; Jenny<\/div><\/div><\/figcaption><\/figure><div class=\"fg-loader\"><\/div><\/div><div class=\"fg-item fg-type-image fg-idle\"><figure class=\"fg-item-inner\"><a href=\"https:\/\/www.rockin-wildcat.com\/rwc\/wp-content\/uploads\/2020\/12\/03-25.jpg\" data-caption-title=\"Alex, Pat &amp;amp; Marco\" data-attachment-id=\"21410\" data-type=\"image\" class=\"fg-thumb\"><span class=\"fg-image-wrap\"><img title=\"Alex, Pat &amp; Marco\" height=\"300\" width=\"400\" class=\"skip-lazy fg-image\" data-src-fg=\"https:\/\/www.rockin-wildcat.com\/rwc\/wp-content\/uploads\/cache\/2020\/12\/03-25\/621766932.jpg\" src=\"data:image\/svg+xml,%3Csvg%20xmlns%3D%22http%3A%2F%2Fwww.w3.org%2F2000%2Fsvg%22%20width%3D%22400%22%20height%3D%22300%22%20viewBox%3D%220%200%20400%20300%22%3E%3C%2Fsvg%3E\" loading=\"eager\"><\/span><span class=\"fg-image-overlay\"><\/span><\/a><figcaption class=\"fg-caption\"><div class=\"fg-caption-inner\"><div class=\"fg-caption-title\">Alex, Pat &amp; Marco<\/div><\/div><\/figcaption><\/figure><div class=\"fg-loader\"><\/div><\/div><div class=\"fg-item fg-type-image fg-idle\"><figure class=\"fg-item-inner\"><a href=\"https:\/\/www.rockin-wildcat.com\/rwc\/wp-content\/uploads\/2020\/12\/06-21.jpg\" data-caption-title=\"Crowd\" data-attachment-id=\"21411\" data-type=\"image\" class=\"fg-thumb\"><span class=\"fg-image-wrap\"><img title=\"Crowd\" height=\"300\" width=\"225\" class=\"skip-lazy fg-image\" data-src-fg=\"https:\/\/www.rockin-wildcat.com\/rwc\/wp-content\/uploads\/cache\/2020\/12\/06-21\/636897065.jpg\" src=\"data:image\/svg+xml,%3Csvg%20xmlns%3D%22http%3A%2F%2Fwww.w3.org%2F2000%2Fsvg%22%20width%3D%22225%22%20height%3D%22300%22%20viewBox%3D%220%200%20225%20300%22%3E%3C%2Fsvg%3E\" loading=\"eager\"><\/span><span class=\"fg-image-overlay\"><\/span><\/a><figcaption class=\"fg-caption\"><div class=\"fg-caption-inner\"><div class=\"fg-caption-title\">Crowd<\/div><\/div><\/figcaption><\/figure><div class=\"fg-loader\"><\/div><\/div><div class=\"fg-item fg-type-image fg-idle\"><figure class=\"fg-item-inner\"><a href=\"https:\/\/www.rockin-wildcat.com\/rwc\/wp-content\/uploads\/2020\/12\/10-22.jpg\" data-caption-title=\"Crowd\" data-attachment-id=\"21412\" data-type=\"image\" class=\"fg-thumb\"><span class=\"fg-image-wrap\"><img title=\"Crowd\" height=\"300\" width=\"400\" class=\"skip-lazy fg-image\" data-src-fg=\"https:\/\/www.rockin-wildcat.com\/rwc\/wp-content\/uploads\/cache\/2020\/12\/10-22\/490034472.jpg\" src=\"data:image\/svg+xml,%3Csvg%20xmlns%3D%22http%3A%2F%2Fwww.w3.org%2F2000%2Fsvg%22%20width%3D%22400%22%20height%3D%22300%22%20viewBox%3D%220%200%20400%20300%22%3E%3C%2Fsvg%3E\" loading=\"eager\"><\/span><span class=\"fg-image-overlay\"><\/span><\/a><figcaption class=\"fg-caption\"><div class=\"fg-caption-inner\"><div class=\"fg-caption-title\">Crowd<\/div><\/div><\/figcaption><\/figure><div class=\"fg-loader\"><\/div><\/div><div class=\"fg-item fg-type-image fg-idle\"><figure class=\"fg-item-inner\"><a href=\"https:\/\/www.rockin-wildcat.com\/rwc\/wp-content\/uploads\/2020\/12\/12-18.jpg\" data-caption-title=\"DJ Wildcat Udo\" data-attachment-id=\"21413\" data-type=\"image\" class=\"fg-thumb\"><span class=\"fg-image-wrap\"><img title=\"DJ Wildcat Udo\" height=\"300\" width=\"225\" class=\"skip-lazy fg-image\" data-src-fg=\"https:\/\/www.rockin-wildcat.com\/rwc\/wp-content\/uploads\/cache\/2020\/12\/12-18\/418398305.jpg\" src=\"data:image\/svg+xml,%3Csvg%20xmlns%3D%22http%3A%2F%2Fwww.w3.org%2F2000%2Fsvg%22%20width%3D%22225%22%20height%3D%22300%22%20viewBox%3D%220%200%20225%20300%22%3E%3C%2Fsvg%3E\" loading=\"eager\"><\/span><span class=\"fg-image-overlay\"><\/span><\/a><figcaption class=\"fg-caption\"><div class=\"fg-caption-inner\"><div class=\"fg-caption-title\">DJ Wildcat Udo<\/div><\/div><\/figcaption><\/figure><div class=\"fg-loader\"><\/div><\/div><div class=\"fg-item fg-type-image fg-idle\"><figure class=\"fg-item-inner\"><a href=\"https:\/\/www.rockin-wildcat.com\/rwc\/wp-content\/uploads\/2020\/12\/14-20.jpg\" data-caption-title=\"Rewinders\" data-caption-desc=\"02.02.2008, Roadrunner&#039;s Rock &amp;amp; Motor Club, Berlin\" data-attachment-id=\"21414\" data-type=\"image\" class=\"fg-thumb\"><span class=\"fg-image-wrap\"><img title=\"Rewinders\" height=\"300\" width=\"225\" class=\"skip-lazy fg-image\" data-src-fg=\"https:\/\/www.rockin-wildcat.com\/rwc\/wp-content\/uploads\/cache\/2020\/12\/14-20\/3187736586.jpg\" src=\"data:image\/svg+xml,%3Csvg%20xmlns%3D%22http%3A%2F%2Fwww.w3.org%2F2000%2Fsvg%22%20width%3D%22225%22%20height%3D%22300%22%20viewBox%3D%220%200%20225%20300%22%3E%3C%2Fsvg%3E\" loading=\"eager\"><\/span><span class=\"fg-image-overlay\"><\/span><\/a><figcaption class=\"fg-caption\"><div class=\"fg-caption-inner\"><div class=\"fg-caption-title\">Rewinders<\/div><div class=\"fg-caption-desc\">02.02.2008, Roadrunner's Rock &amp; Motor Club, Berlin<\/div><\/div><\/figcaption><\/figure><div class=\"fg-loader\"><\/div><\/div><div class=\"fg-item fg-type-image fg-idle\"><figure class=\"fg-item-inner\"><a href=\"https:\/\/www.rockin-wildcat.com\/rwc\/wp-content\/uploads\/2020\/12\/15-18.jpg\" data-caption-title=\"Rewinders\" data-attachment-id=\"21415\" data-type=\"image\" class=\"fg-thumb\"><span class=\"fg-image-wrap\"><img title=\"Rewinders\" height=\"300\" width=\"400\" class=\"skip-lazy fg-image\" data-src-fg=\"https:\/\/www.rockin-wildcat.com\/rwc\/wp-content\/uploads\/cache\/2020\/12\/15-18\/1610839103.jpg\" src=\"data:image\/svg+xml,%3Csvg%20xmlns%3D%22http%3A%2F%2Fwww.w3.org%2F2000%2Fsvg%22%20width%3D%22400%22%20height%3D%22300%22%20viewBox%3D%220%200%20400%20300%22%3E%3C%2Fsvg%3E\" loading=\"eager\"><\/span><span class=\"fg-image-overlay\"><\/span><\/a><figcaption class=\"fg-caption\"><div class=\"fg-caption-inner\"><div class=\"fg-caption-title\">Rewinders<\/div><\/div><\/figcaption><\/figure><div class=\"fg-loader\"><\/div><\/div><div class=\"fg-item fg-type-image fg-idle\"><figure class=\"fg-item-inner\"><a href=\"https:\/\/www.rockin-wildcat.com\/rwc\/wp-content\/uploads\/2020\/12\/20-13.jpg\" data-caption-title=\"Rewinders\" data-attachment-id=\"21416\" data-type=\"image\" class=\"fg-thumb\"><span class=\"fg-image-wrap\"><img title=\"Rewinders\" height=\"300\" width=\"400\" class=\"skip-lazy fg-image\" data-src-fg=\"https:\/\/www.rockin-wildcat.com\/rwc\/wp-content\/uploads\/cache\/2020\/12\/20-13\/4277962005.jpg\" src=\"data:image\/svg+xml,%3Csvg%20xmlns%3D%22http%3A%2F%2Fwww.w3.org%2F2000%2Fsvg%22%20width%3D%22400%22%20height%3D%22300%22%20viewBox%3D%220%200%20400%20300%22%3E%3C%2Fsvg%3E\" loading=\"eager\"><\/span><span class=\"fg-image-overlay\"><\/span><\/a><figcaption class=\"fg-caption\"><div class=\"fg-caption-inner\"><div class=\"fg-caption-title\">Rewinders<\/div><\/div><\/figcaption><\/figure><div class=\"fg-loader\"><\/div><\/div><div class=\"fg-item fg-type-image fg-idle\"><figure class=\"fg-item-inner\"><a href=\"https:\/\/www.rockin-wildcat.com\/rwc\/wp-content\/uploads\/2020\/12\/22-17.jpg\" data-caption-title=\"Rewinders\" data-attachment-id=\"21417\" data-type=\"image\" class=\"fg-thumb\"><span class=\"fg-image-wrap\"><img title=\"Rewinders\" height=\"300\" width=\"225\" class=\"skip-lazy fg-image\" data-src-fg=\"https:\/\/www.rockin-wildcat.com\/rwc\/wp-content\/uploads\/cache\/2020\/12\/22-17\/3611213483.jpg\" src=\"data:image\/svg+xml,%3Csvg%20xmlns%3D%22http%3A%2F%2Fwww.w3.org%2F2000%2Fsvg%22%20width%3D%22225%22%20height%3D%22300%22%20viewBox%3D%220%200%20225%20300%22%3E%3C%2Fsvg%3E\" loading=\"eager\"><\/span><span class=\"fg-image-overlay\"><\/span><\/a><figcaption class=\"fg-caption\"><div class=\"fg-caption-inner\"><div class=\"fg-caption-title\">Rewinders<\/div><\/div><\/figcaption><\/figure><div class=\"fg-loader\"><\/div><\/div><div class=\"fg-item fg-type-image fg-idle\"><figure class=\"fg-item-inner\"><a href=\"https:\/\/www.rockin-wildcat.com\/rwc\/wp-content\/uploads\/2020\/12\/25-15.jpg\" data-caption-title=\"S\u00e4\u00e4\u00e4\u00e4\u00e4ll &amp;amp; S\u00e4\u00e4\u00e4\u00e4\u00e4sch\" data-attachment-id=\"21418\" data-type=\"image\" class=\"fg-thumb\"><span class=\"fg-image-wrap\"><img title=\"S\u00e4\u00e4\u00e4\u00e4\u00e4ll &amp; S\u00e4\u00e4\u00e4\u00e4\u00e4sch\" height=\"300\" width=\"225\" class=\"skip-lazy fg-image\" data-src-fg=\"https:\/\/www.rockin-wildcat.com\/rwc\/wp-content\/uploads\/cache\/2020\/12\/25-15\/3672931361.jpg\" src=\"data:image\/svg+xml,%3Csvg%20xmlns%3D%22http%3A%2F%2Fwww.w3.org%2F2000%2Fsvg%22%20width%3D%22225%22%20height%3D%22300%22%20viewBox%3D%220%200%20225%20300%22%3E%3C%2Fsvg%3E\" loading=\"eager\"><\/span><span class=\"fg-image-overlay\"><\/span><\/a><figcaption class=\"fg-caption\"><div class=\"fg-caption-inner\"><div class=\"fg-caption-title\">S\u00e4\u00e4\u00e4\u00e4\u00e4ll &amp; S\u00e4\u00e4\u00e4\u00e4\u00e4sch<\/div><\/div><\/figcaption><\/figure><div class=\"fg-loader\"><\/div><\/div><div class=\"fg-item fg-type-image fg-idle\"><figure class=\"fg-item-inner\"><a href=\"https:\/\/www.rockin-wildcat.com\/rwc\/wp-content\/uploads\/2020\/12\/26-20.jpg\" data-caption-title=\"Crowd\" data-attachment-id=\"21419\" data-type=\"image\" class=\"fg-thumb\"><span class=\"fg-image-wrap\"><img title=\"Crowd\" height=\"300\" width=\"225\" class=\"skip-lazy fg-image\" data-src-fg=\"https:\/\/www.rockin-wildcat.com\/rwc\/wp-content\/uploads\/cache\/2020\/12\/26-20\/3347555332.jpg\" src=\"data:image\/svg+xml,%3Csvg%20xmlns%3D%22http%3A%2F%2Fwww.w3.org%2F2000%2Fsvg%22%20width%3D%22225%22%20height%3D%22300%22%20viewBox%3D%220%200%20225%20300%22%3E%3C%2Fsvg%3E\" loading=\"eager\"><\/span><span class=\"fg-image-overlay\"><\/span><\/a><figcaption class=\"fg-caption\"><div class=\"fg-caption-inner\"><div class=\"fg-caption-title\">Crowd<\/div><\/div><\/figcaption><\/figure><div class=\"fg-loader\"><\/div><\/div><div class=\"fg-item fg-type-image fg-idle\"><figure class=\"fg-item-inner\"><a href=\"https:\/\/www.rockin-wildcat.com\/rwc\/wp-content\/uploads\/2020\/12\/27-17.jpg\" data-caption-title=\"Crowd\" data-attachment-id=\"21420\" data-type=\"image\" class=\"fg-thumb\"><span class=\"fg-image-wrap\"><img title=\"Crowd\" height=\"300\" width=\"225\" class=\"skip-lazy fg-image\" data-src-fg=\"https:\/\/www.rockin-wildcat.com\/rwc\/wp-content\/uploads\/cache\/2020\/12\/27-17\/2119961749.jpg\" src=\"data:image\/svg+xml,%3Csvg%20xmlns%3D%22http%3A%2F%2Fwww.w3.org%2F2000%2Fsvg%22%20width%3D%22225%22%20height%3D%22300%22%20viewBox%3D%220%200%20225%20300%22%3E%3C%2Fsvg%3E\" loading=\"eager\"><\/span><span class=\"fg-image-overlay\"><\/span><\/a><figcaption class=\"fg-caption\"><div class=\"fg-caption-inner\"><div class=\"fg-caption-title\">Crowd<\/div><\/div><\/figcaption><\/figure><div class=\"fg-loader\"><\/div><\/div><div class=\"fg-item fg-type-image fg-idle\"><figure class=\"fg-item-inner\"><a href=\"https:\/\/www.rockin-wildcat.com\/rwc\/wp-content\/uploads\/2020\/12\/34-16.jpg\" data-caption-title=\"Sascha &amp;amp; Gregor\" data-attachment-id=\"21421\" data-type=\"image\" class=\"fg-thumb\"><span class=\"fg-image-wrap\"><img title=\"Sascha &amp; Gregor\" height=\"300\" width=\"225\" class=\"skip-lazy fg-image\" data-src-fg=\"https:\/\/www.rockin-wildcat.com\/rwc\/wp-content\/uploads\/cache\/2020\/12\/34-16\/1163242208.jpg\" src=\"data:image\/svg+xml,%3Csvg%20xmlns%3D%22http%3A%2F%2Fwww.w3.org%2F2000%2Fsvg%22%20width%3D%22225%22%20height%3D%22300%22%20viewBox%3D%220%200%20225%20300%22%3E%3C%2Fsvg%3E\" loading=\"eager\"><\/span><span class=\"fg-image-overlay\"><\/span><\/a><figcaption class=\"fg-caption\"><div class=\"fg-caption-inner\"><div class=\"fg-caption-title\">Sascha &amp; Gregor<\/div><\/div><\/figcaption><\/figure><div class=\"fg-loader\"><\/div><\/div><div class=\"fg-item fg-type-image fg-idle\"><figure class=\"fg-item-inner\"><a href=\"https:\/\/www.rockin-wildcat.com\/rwc\/wp-content\/uploads\/2020\/12\/37-16.jpg\" data-caption-title=\"Carola &amp;amp; Sandra\" data-attachment-id=\"21422\" data-type=\"image\" class=\"fg-thumb\"><span class=\"fg-image-wrap\"><img title=\"Carola &amp; Sandra\" height=\"300\" width=\"225\" class=\"skip-lazy fg-image\" data-src-fg=\"https:\/\/www.rockin-wildcat.com\/rwc\/wp-content\/uploads\/cache\/2020\/12\/37-16\/434855727.jpg\" src=\"data:image\/svg+xml,%3Csvg%20xmlns%3D%22http%3A%2F%2Fwww.w3.org%2F2000%2Fsvg%22%20width%3D%22225%22%20height%3D%22300%22%20viewBox%3D%220%200%20225%20300%22%3E%3C%2Fsvg%3E\" loading=\"eager\"><\/span><span class=\"fg-image-overlay\"><\/span><\/a><figcaption class=\"fg-caption\"><div class=\"fg-caption-inner\"><div class=\"fg-caption-title\">Carola &amp; Sandra<\/div><\/div><\/figcaption><\/figure><div class=\"fg-loader\"><\/div><\/div><div class=\"fg-item fg-type-image fg-idle\"><figure class=\"fg-item-inner\"><a href=\"https:\/\/www.rockin-wildcat.com\/rwc\/wp-content\/uploads\/2020\/12\/38-19.jpg\" data-caption-title=\"Jasmin &amp;amp; Ela\" data-attachment-id=\"21423\" data-type=\"image\" class=\"fg-thumb\"><span class=\"fg-image-wrap\"><img title=\"Jasmin &amp; Ela\" height=\"300\" width=\"400\" class=\"skip-lazy fg-image\" data-src-fg=\"https:\/\/www.rockin-wildcat.com\/rwc\/wp-content\/uploads\/cache\/2020\/12\/38-19\/2799121856.jpg\" src=\"data:image\/svg+xml,%3Csvg%20xmlns%3D%22http%3A%2F%2Fwww.w3.org%2F2000%2Fsvg%22%20width%3D%22400%22%20height%3D%22300%22%20viewBox%3D%220%200%20400%20300%22%3E%3C%2Fsvg%3E\" loading=\"eager\"><\/span><span class=\"fg-image-overlay\"><\/span><\/a><figcaption class=\"fg-caption\"><div class=\"fg-caption-inner\"><div class=\"fg-caption-title\">Jasmin &amp; Ela<\/div><\/div><\/figcaption><\/figure><div class=\"fg-loader\"><\/div><\/div><div class=\"fg-item fg-type-image fg-idle\"><figure class=\"fg-item-inner\"><a href=\"https:\/\/www.rockin-wildcat.com\/rwc\/wp-content\/uploads\/2020\/12\/39-20.jpg\" data-caption-title=\"Lovely Ladies\" data-attachment-id=\"21424\" data-type=\"image\" class=\"fg-thumb\"><span class=\"fg-image-wrap\"><img title=\"Lovely Ladies\" height=\"300\" width=\"400\" class=\"skip-lazy fg-image\" data-src-fg=\"https:\/\/www.rockin-wildcat.com\/rwc\/wp-content\/uploads\/cache\/2020\/12\/39-20\/3854000310.jpg\" src=\"data:image\/svg+xml,%3Csvg%20xmlns%3D%22http%3A%2F%2Fwww.w3.org%2F2000%2Fsvg%22%20width%3D%22400%22%20height%3D%22300%22%20viewBox%3D%220%200%20400%20300%22%3E%3C%2Fsvg%3E\" loading=\"eager\"><\/span><span class=\"fg-image-overlay\"><\/span><\/a><figcaption class=\"fg-caption\"><div class=\"fg-caption-inner\"><div class=\"fg-caption-title\">Lovely Ladies<\/div><\/div><\/figcaption><\/figure><div class=\"fg-loader\"><\/div><\/div><div class=\"fg-item fg-type-image fg-idle\"><figure class=\"fg-item-inner\"><a href=\"https:\/\/www.rockin-wildcat.com\/rwc\/wp-content\/uploads\/2020\/12\/41-17.jpg\" data-caption-title=\"Nina &amp;amp; Gregor\" data-attachment-id=\"21425\" data-type=\"image\" class=\"fg-thumb\"><span class=\"fg-image-wrap\"><img title=\"Nina &amp; Gregor\" height=\"300\" width=\"225\" class=\"skip-lazy fg-image\" data-src-fg=\"https:\/\/www.rockin-wildcat.com\/rwc\/wp-content\/uploads\/cache\/2020\/12\/41-17\/3980448037.jpg\" src=\"data:image\/svg+xml,%3Csvg%20xmlns%3D%22http%3A%2F%2Fwww.w3.org%2F2000%2Fsvg%22%20width%3D%22225%22%20height%3D%22300%22%20viewBox%3D%220%200%20225%20300%22%3E%3C%2Fsvg%3E\" loading=\"eager\"><\/span><span class=\"fg-image-overlay\"><\/span><\/a><figcaption class=\"fg-caption\"><div class=\"fg-caption-inner\"><div class=\"fg-caption-title\">Nina &amp; Gregor<\/div><\/div><\/figcaption><\/figure><div class=\"fg-loader\"><\/div><\/div><div class=\"fg-item fg-type-image fg-idle\"><figure class=\"fg-item-inner\"><a href=\"https:\/\/www.rockin-wildcat.com\/rwc\/wp-content\/uploads\/2020\/12\/47-11.jpg\" data-caption-title=\"Bj\u00f6rn &amp;amp; Nicole\" data-attachment-id=\"21426\" data-type=\"image\" class=\"fg-thumb\"><span class=\"fg-image-wrap\"><img title=\"Bj\u00f6rn &amp; Nicole\" height=\"300\" width=\"225\" class=\"skip-lazy fg-image\" data-src-fg=\"https:\/\/www.rockin-wildcat.com\/rwc\/wp-content\/uploads\/cache\/2020\/12\/47-11\/113672495.jpg\" src=\"data:image\/svg+xml,%3Csvg%20xmlns%3D%22http%3A%2F%2Fwww.w3.org%2F2000%2Fsvg%22%20width%3D%22225%22%20height%3D%22300%22%20viewBox%3D%220%200%20225%20300%22%3E%3C%2Fsvg%3E\" loading=\"eager\"><\/span><span class=\"fg-image-overlay\"><\/span><\/a><figcaption class=\"fg-caption\"><div class=\"fg-caption-inner\"><div class=\"fg-caption-title\">Bj\u00f6rn &amp; Nicole<\/div><\/div><\/figcaption><\/figure><div class=\"fg-loader\"><\/div><\/div><\/div>\n\n","protected":false},"excerpt":{"rendered":"<p>Rewinders 02.02.2008, Roadrunner&#8217;s Rock &amp; Motor Club, Berlin<\/p>\n","protected":false},"author":4,"featured_media":0,"parent":19142,"menu_order":0,"comment_status":"open","ping_status":"closed","template":"","meta":{"_bbp_topic_count":0,"_bbp_reply_count":0,"_bbp_total_topic_count":0,"_bbp_total_reply_count":0,"_bbp_voice_count":0,"_bbp_anonymous_reply_count":0,"_bbp_topic_count_hidden":0,"_bbp_reply_count_hidden":0,"_bbp_forum_subforum_count":0},"_links":{"self":[{"href":"https:\/\/www.rockin-wildcat.com\/rwc\/wp-json\/wp\/v2\/pages\/21427"}],"collection":[{"href":"https:\/\/www.rockin-wildcat.com\/rwc\/wp-json\/wp\/v2\/pages"}],"about":[{"href":"https:\/\/www.rockin-wildcat.com\/rwc\/wp-json\/wp\/v2\/types\/page"}],"author":[{"embeddable":true,"href":"https:\/\/www.rockin-wildcat.com\/rwc\/wp-json\/wp\/v2\/users\/4"}],"replies":[{"embeddable":true,"href":"https:\/\/www.rockin-wildcat.com\/rwc\/wp-json\/wp\/v2\/comments?post=21427"}],"version-history":[{"count":1,"href":"https:\/\/www.rockin-wildcat.com\/rwc\/wp-json\/wp\/v2\/pages\/21427\/revisions"}],"predecessor-version":[{"id":21428,"href":"https:\/\/www.rockin-wildcat.com\/rwc\/wp-json\/wp\/v2\/pages\/21427\/revisions\/21428"}],"up":[{"embeddable":true,"href":"https:\/\/www.rockin-wildcat.com\/rwc\/wp-json\/wp\/v2\/pages\/19142"}],"wp:attachment":[{"href":"https:\/\/www.rockin-wildcat.com\/rwc\/wp-json\/wp\/v2\/media?parent=21427"}],"curies":[{"name":"wp","href":"https:\/\/api.w.org\/{rel}","templated":true}]}}